400 (base 7) to base 5.
-12012
Convert -2095 (base 13) to base 14.
-1908
-523 (base 13) to base 9
-1171
-42 (base 13) to base 10
-54
What is -27455 (base 8) in base 10?
-12077
Convert -1a7 (base 16) to base 9.
-520
What is 4855 (base 13) in base 15?
305a
What is -20050 (base 7) in base 15?
-1677
What is -122210 (base 3) in base 6?
-2120
What is -78 (base 10) in base 2?
-1001110
Convert -131700 (base 8) to base 2.
-1011001111000000
Convert 13ac (base 13) to base 16.
b1e
909 (base 12) to base 16
519
What is 31743 (base 11) in base 13?
1800b
What is 20 (base 3) in base 14?
6
What is -11 (base 7) in base 9?
-8
What is -237 (base 10) in base 15?
-10c
330121 (base 4) to base 16
f19
What is -2013 (base 8) in base 4?
-100023
What is 660 (base 9) in base 7?
1401
Convert 11710 (base 8) to base 9.
6846
-46760 (base 8) to base 7
-112112
12102111 (base 3) to base 14
1627
Convert 2618 (base 10) to base 11.
1a70
What is -120213 (base 4) in base 10?
-1575
What is -23606 (base 10) in base 2?
-101110000110110
Convert -310 (base 11) to base 15.
-19e
What is -105b (base 16) in base 13?
-1ba1
What is 66 (base 12) in base 15?
53
Convert -13b07 (base 13) to base 2.
-1001000010011010
What is 4041 (base 7) in base 6?
10253
-11 (base 10) to base 2
-1011
-693 (base 10) to base 6
-3113
Convert 16341 (base 8) to base 14.
29a1
Convert -879 (base 15) to base 9.
-2556
Convert 241 (base 5) to base 9.
78
Convert -1e8 (base 15) to base 10.
-443
What is -20200 (base 3) in base 11?
-154
What is 12202221 (base 3) in base 12?
252a
110111110 (base 2) to base 15
1eb
Convert -110 (base 16) to base 15.
-132
What is 212325 (base 7) in base 11?
25776
What is -2400403 (base 5) in base 15?
-ced8
What is -20 (base 14) in base 16?
-1c
What is 322125 (base 6) in base 2?
110011100100101
22cc (base 14) to base 3
22022110
What is -4733 (base 9) in base 16?
-db9
Convert -13561 (base 7) to base 13.
-1900
10002320 (base 4) to base 11
114a2
What is 5703 (base 8) in base 11?
2298
What is -12262 (base 8) in base 4?
-1102302
-1101100111 (base 2) to base 9
-1167
1011121201 (base 3) to base 11
16355
Convert -2114 (base 6) to base 10.
-478
What is -4edb (base 15) in base 10?
-16856
What is 9b41 (base 14) in base 6?
324325
What is 212e (base 16) in base 8?
20456
-124340 (base 6) to base 7
-45063
-368 (base 13) to base 8
-1121
Convert 27 (base 9) to base 6.
41
What is -333231 (base 4) in base 6?
-30513
-4660 (base 8) to base 4
-212300
110200222 (base 3) to base 5
244020
Convert 678 (base 13) to base 15.
4e3
541 (base 8) to base 6
1345
Convert 103535 (base 6) to base 10.
8627
What is -20519 (base 11) in base 6?
-350243
What is 116 (base 11) in base 10?
138
What is 1852 (base 9) in base 3?
1221202
What is -21122212 (base 4) in base 15?
-b661
What is 683 (base 9) in base 7?
1431
What is 540 (base 8) in base 10?
352
What is 5841 (base 13) in base 12?
7206
What is aa1 (base 11) in base 4?
110221
Convert 6162 (base 14) to base 8.
40552
28575 (base 9) to base 8
45743
Convert -214144 (base 6) to base 9.
-26341
What is db8 (base 15) in base 16?
c1a
Convert 5655 (base 8) to base 4.
232231
Convert 11001 (base 2) to base 15.
1a
What is -231454 (base 6) in base 16?
-4d7a
Convert 1433030 (base 5) to base 12.
15706
What is -1aaa (base 16) in base 15?
-2051
What is -a988 (base 15) in base 8?
-106077
-2a66 (base 11) to base 8
-7550
Convert -16608 (base 10) to base 12.
-9740
What is 377 (base 16) in base 5?
12022
What is -250 (base 15) in base 7?
-1350
What is 3415 (base 9) in base 12?
1565
Convert 447 (base 10) to base 14.
23d
-21121102 (base 3) to base 14
-2042
Convert 2ec (base 16) to base 14.
3b6
-7b2 (base 12) to base 14
-5b8
-1344 (base 9) to base 16
-3f4
Convert -141044 (base 8) to base 10.
-49700
-1202203 (base 4) to base 13
-2b42
Convert 7350 (base 11) to base 9.
14316
What is -1201221 (base 3) in base 2?
-10011110011
Convert 116141 (base 7) to base 8.
51540
What is 515 (base 8) in base 11?
283
Convert -109e9 (base 16) to base 2.
-10000100111101001
What is 4b7 (base 12) in base 5?
10330
-21121120 (base 3) to base 7
-22116
2067 (base 11) to base 8
5257
Convert -22334 (base 8) to base 2.
-10010011011100
Convert 20617 (base 9) to base 7.
54502
Convert 32232210 (base 4) to base 15.
12d19
3101023 (base 4) to base 2
11010001001011
99 (base 11) to base 12
90
What is -10100302 (base 4) in base 8?
-42062
-431 (base 10) to base 6
-1555
What is -16011 (base 7) in base 5?
-120332
1202222122 (base 3) to base 6
425542
What is 28 (base 13) in base 9?
37
Convert 120100 (base 5) to base 15.
1485
-11010011100 (base 2) to base 8
-3234
Convert 3319 (base 11) to base 13.
1cb8
Convert -685 (base 13) to base 15.
-4ed
3241 (base 5) to base 13
284
2b21 (base 12) to base 16
13c9
What is 95 (base 12) in base 7?
221
117b8 (base 13) to base 3
1122000121
Convert -2691 (base 11) to base 10.
-3488
Convert -7d20 (base 14) to base 2.
-101010100011000
What is 1466 (base 8) in base 14?
42a
What is 6443 (base 12) in base 14?
4015
Convert 55385 (base 10) to base 8.
154131
90b0 (base 13) to base 5
1114131
-1ab0 (base 13) to base 2
-111110111110
-2840 (base 15) to base 9
-12726
What is -524 (base 8) in base 11?
-28a
Convert -35a (base 15) to base 12.
-534
1221010 (base 4) to base 15
1ed4
Convert 655c (base 13) to base 7.
56056
1022153 (base 6) to base 3
2112020120
213 (base 10) to base 7
423
What is 7103 (base 12) in base 11?
9220
-121201 (base 3) to base 7
-1213
-168 (base 11) to base 6
-523
16a (base 14) to base 10
290
Convert -319 (base 13) to base 11.
-441
Convert -130 (base 14) to base 15.
-10d
-59 (base 10) to base 15
-3e
3010 (base 6) to base 10
654
What is 0 (base 11) in base 14?
0
What is -1001200 (base 4) in base 15?
-1397
What is -175a (base 12) in base 7?
-11116
What is -6761 (base 8) in base 11?
-2755
-2012 (base 5) to base 13
-16a
Convert -134844 (base 9) to base 16.
-141a0
-1635 (base 13) to base 12
-1a73
-421 (base 7) to base 6
-551
What is -2706 (base 11) in base 12?
-204b
160 (base 7) to base 15
61
What is 4340 (base 5) in base 7?
1510
324420 (base 5) to base 12
6603
-222120 (base 4) to base 10
-2712
What is -38b (base 12) in base 15?
-25e
-11100101101 (base 2) to base 13
-ab4
What is -10765 (base 10) in base 16?
-2a0d
Convert -10259 (base 11) to base 5.
-434242
-132 (base 16) to base 2
-100110010
What is -2685 (base 9) in base 15?
-8eb
What is 2130134 (base 5) in base 6?
440010
What is 265a (base 11) in base 6?
23553
What is -b48 (base 13) in base 11?
-1495
200111 (base 3) to base 13
2c5
-1333 (base 9) to base 4
-33222
Convert -124444 (base 7) to base 4.
-11222221
Convert -435 (base 6) to base 5.
-1132
What is -251 (base 13) in base 6?
-1512
Convert 115ca (base 13) to base 12.
16475
-1131 (base 13) to base 7
-10005
26732 (base 8) to base 13
545c
21661 (base 7) to base 2
1010101101010
Convert -51b6 (base 12) to base 3.
-110020110
What is 2221101 (base 3) in base 6?
13531
What is 605 (base 8) in base 16?
185
-26789 (base 12) to base 10
-52953
-39d (base 16) to base 7
-2461
-11102111 (base 3) to base 16
-c9a
Convert 10db0 (base 14) to base 4.
22002132
1505 (base 9) to base 11
946
Convert 5609 (base 10) to base 11.
423a
-403 (base 15) to base 4
-32013
-1210102 (base 3) to base 15
-5c2
Convert -536 (base 9) to base 5.
-3223
4ba (base 13) to base 2
1100111101
-33662 (base 8) to base 11
-a792
What is -1e0b (base 15) in base 11?
-4a02
Convert 4412 (base 6) to base 10.
1016
What is -b47 (base 12) in base 9?
-2221
-123002 (base 4) to base 7
-5021
What is -111431 (base 5) in base 3?
-12110211
40a7 (base 12) to base 14
27cb
What is -414343 (base 5) in base 13?
-6328
1c5 (base 16) to base 13
28b
998 (base 10) to base 11
828
What is -110000111100 (base 2) in base 16?
-c3c
10110010000 (base 2) to base 12
9a8
What is -532 (base 6) in base 3?
-21102
What is 100444 (base 7) in base 5?
1021120
What is -101202111 (base 3) in base 9?
-11674
111011001001 (base 2) to base 7
14015
-165324 (base 7) to base 6
-413113
Convert -234400 (base 6) to base 16.
-4fe0
-777 (base 11) to base 5
-12211
-10201010 (base 5) to base 8
-245031
Convert 3036 (base 9) to base 10.
2220
Convert 74a3 (base 13) to base 5.
1004223
-818 (base 11) to base 3
-1100120
What is -424 (base 10) in base 5?
-3144
Convert -31b6 (base 13) to base 12.
-3bb9
What is 3b1 (base 14) in base 8?
1347